hat is the tens digit of 18960?
6
What is the thousands digit of 145479?
5
What is the tens digit of 7297?
9
What is the hundreds digit of 8087?
0
What is the tens digit of 40144?
4
What is the hundred thousands digit of 134512?
1
What is the thousands digit of 5017?
5
What is the hundreds digit of 23536?
5
What is the thousands digit of 27366?
7
What is the tens digit of 3201?
0
What is the thousands digit of 2661?
2
What is the tens digit of 2467?
6
What is the units digit of 3006?
6
What is the tens digit of 29096?
9
What is the units digit of 7048?
8
What is the tens digit of 10431?
3
What is the units digit of 27138?
8
What is the hundreds digit of 46828?
8
What is the units digit of 845?
5
What is the thousands digit of 1532?
1
What is the units digit of 15826?
6
What is the units digit of 2628?
8
What is the units digit of 3519?
9
What is the tens digit of 5403?
0
What is the hundreds digit of 867?
8
What is the hundreds digit of 1206?
2
What is the thousands digit of 10617?
0
What is the hundreds digit of 331?
3
What is the units digit of 2946?
6
What is the hundreds digit of 838?
8
What is the ten thousands digit of 12405?
1
What is the tens digit of 3549?
4
What is the hundreds digit of 1584?
5
What is the units digit of 644?
4
What is the tens digit of 836?
3
What is the hundreds digit of 3035?
0
What is the hundreds digit of 27258?
2
What is the tens digit of 35541?
4
What is the hundreds digit of 3121?
1
What is the hundreds digit of 9202?
2
What is the tens digit of 1885?
8
What is the thousands digit of 1157?
1
What is the units digit of 6549?
9
What is the thousands digit of 17503?
7
What is the units digit of 7013?
3
What is the thousands digit of 5470?
5
What is the units digit of 1826?
6
What is the thousands digit of 9490?
9
What is the tens digit of 142869?
6
What is the units digit of 2080?
0
What is the tens digit of 9907?
0
What is the units digit of 3222?
2
What is the hundreds digit of 113?
1
What is the thousands digit of 26802?
6
What is the tens digit of 6707?
0
What is the thousands digit of 2048?
2
What is the tens digit of 66557?
5
What is the units digit of 1173?
3
What is the tens digit of 3023?
2
What is the hundreds digit of 90515?
5
What is the units digit of 32028?
8
What is the tens digit of 26682?
8
What is the hundreds digit of 74908?
9
What is the hundreds digit of 818?
8
What is the tens digit of 15948?
4
What is the units digit of 1699?
9
What is the hundreds digit of 41865?
8
What is the tens digit of 39705?
0
What is the tens digit of 2401?
0
What is the thousands digit of 2044?
2
What is the thousands digit of 14847?
4
What is the thousands digit of 8977?
8
What is the units digit of 610?
0
What is the thousands digit of 1214?
1
What is the hundreds digit of 13951?
9
What is the thousands digit of 3371?
3
What is the units digit of 14834?
4
What is the hundreds digit of 842?
8
What is the hundreds digit of 89564?
5
What is the ten thousands digit of 32438?
3
What is the ten thousands digit of 92601?
9
What is the hundreds digit of 895?
8
What is the hundreds digit of 6657?
6
What is the units digit of 4792?
2
What is the tens digit of 458?
5
What is the tens digit of 127?
2
What is the tens digit of 60?
6
What is the tens digit of 40664?
6
What is the thousands digit of 89585?
9
What is the thousands digit of 2269?
2
What is the units digit of 16920?
0
What is the thousands digit of 69692?
9
What is the units digit of 602?
2
What is the units digit of 2057?
7
What is the thousands digit of 94854?
4
What is the hundreds digit of 2787?
7
What is the hundreds digit of 5861?
8
What is the thousands digit of 1140?
1
What is the hundreds digit of 6148?
1
What is the hundreds digit of 428?
4
What is the tens digit of 20265?
6
What is the units digit of 121265?
5
What is the thousands digit of 4698?
4
What is the tens digit of 332?
3
What is the tens digit of 2318?
1
What is the tens digit of 1332?
3
What is the units digit of 2538?
8
What is the tens digit of 2435?
3
What is the ten thousands digit of 49759?
4
What is the tens digit of 1673?
7
What is the thousands digit of 7273?
7
What is the tens digit of 12736?
3
What is the ten thousands digit of 40139?
4
What is the thousands digit of 3670?
3
What is the thousands digit of 16444?
6
What is the thousands digit of 8082?
8
What is the thousands digit of 1355?
1
What is the thousands digit of 1112?
1
What is the hundreds digit of 15783?
7
What is the units digit of 1675?
5
What is the thousands digit of 15612?
5
What is the ten thousands digit of 107011?
0
What is the units digit of 1463?
3
What is the ten thousands digit of 32420?
3
What is the units digit of 599?
9
What is the units digit of 2920?
0
What is the thousands digit of 65290?
5
What is the tens digit of 3223?
2
What is the hundred thousands digit of 111186?
1
What is the hundreds digit of 22853?
8
What is the units digit of 727?
7
What is the tens digit of 939?
3
What is the hundred thousands digit of 130559?
1
What is the hundreds digit of 37688?
6
What is the thousands digit of 6973?
6
What is the units digit of 138?
8
What is the units digit of 28366?
6
What is the tens digit of 6638?
3
What is the units digit of 27210?
0
What is the units digit of 317?
7
What is the ten thousands digit of 27170?
2
What is the tens digit of 118835?
3
What is the thousands digit of 29773?
9
What is the thousands digit of 15303?
5
What is the units digit of 4223?
3
What is the hundreds digit of 29207?
2
What is the units digit of 8946?
6
What is the units digit of 3?
3
What is the ten thousands digit of 57447?
5
What is the thousands digit of 2562?
2
What is the hundreds digit of 4454?
4
What is the hundreds digit of 1284?
2
What is the thousands digit of 31723?
1
What is the units digit of 650?
0
What is the tens digit of 2196?
9
What is the hundreds digit of 77620?
6
What is the tens digit of 1622?
2
What is the units digit of 48824?
4
What is the units digit of 102915?
5
What is the thousands digit of 1101?
1
What is the units digit of 211?
1
What is the ten thousands digit of 37032?
3
What is the hundreds digit of 11584?
5
What is the tens digit of 12882?
8
What is the units digit of 10169?
9
What is the units digit of 7714?
4
What is the tens digit of 13316?
1
What is the tens digit of 59093?
9
What is the thousands digit of 27119?
7
What is the tens digit of 55655?
5
What is the units digit of 2449?
9
What is the thousands digit of 12053?
2
What is the units digit of 1048?
8
What is the units digit of 55?
5
What is the thousands digit of 21600?
1
What is the hundreds digit of 312?
3
What is the tens digit of 13410?
1
What is the tens digit of 1429?
2
What is the hundreds digit of 653?
6
What is the tens digit of 153?
5
What is the tens digit of 333?
3
What is the units digit of 38153?
3
What is the hundreds digit of 4480?
4
What is the hundreds digit of 104991?
9
What is the units digit of 1370?
0
What is the units digit of 15518?
8
What is the hundreds digit of 2879?
8
What is the units digit of 285?
5
What is the hundreds digit of 91187?
1
What is the hundreds digit of 2072?
0
What is the units digit of 1741?
1
What is the hundreds digit of 955?
9
What is the units digit of 4?
4
What is the tens digit of 5379?
7
What is the tens digit of 749?
4
What is the thousands digit of 8934?
8
What is the tens digit of 8013?
1
What is the units digit of 9713?
3
What is the hundreds digit of 59517?
5
What is the units digit of 194?
4
What is the units digit of 854?
4
What is the units digit of 7285?
5
What is the tens digit of 6032?
3
What is the units digit of 91271?
1
What is the thousands digit of 4970?
4
What is the tens digit of 73?
7
What is the tens digit of 5864?
6
What is the tens digit of 2050?
5
What is the hundreds digit of 1661?
6
What is the units digit of 9230?
0
What is the hundreds digit of 5717?
7
What is the units digit of 7077?
7
What is the thousands digit of 13215?
3
What is the units digit of 779?
9
What is the thousands digit of 3176?
3
What is the ten thousands digit of 11493?
1
What is the tens digit of 18671?
7
What is the hundreds digit of 22327?
3
What is the units digit of 5028?
8
What is the thousands digit of 1209?
1
What is the units digit of 6438?
8
What is the tens digit